8 - l = -4*r. Suppose 8*i - r = 152. Calculate the highest common factor of 70 and i.
35
Let s(p) = -p**3 - 6*p**2 + 2. Let n be s(-6). Suppose 5*y = 3*x - 0*y - 793, -758 = -3*x - n*y. Calculate the greatest common factor of x and 8.
8
Let k = 931 + -885. What is the greatest common divisor of k and 1794?
46
Let y(o) = o**3 - 14*o**2 - 59*o + 41. Let r be y(17). Let s = r - -159. Calculate the highest common factor of s and 32.
32
Let k = -304 - -470. Let m be (k/(-8))/(44/(-352)). Calculate the greatest common factor of m and 2.
2
Suppose -266 = -26*h + 12*h. Suppose x = -5*r - 0*r + 95, 0 = -2*x + 10. Let c be 3/r + 113/6. Calculate the greatest common divisor of h and c.
19
Suppose a - 4*d - 1806 = 0, -5*d + 1812 = a - 8*d. Calculate the greatest common divisor of a and 60.
30
Let u(k) = -k**3 + 54*k**2 + 100*k - 132. Let b be u(56). Let z = b + 840. Calculate the highest common factor of z and 96.
12
Suppose 978 = -16*t + 338. Let y be (t/(-12) + -4)*-6 + 66. Suppose 0 = -8*o + 2*o + 60. What is the greatest common divisor of o and y?
10
Let z be 457/6 - ((-3)/18)/(-1). Let y(o) = 2*o**2 - 23*o + 22. Let j be y(17). What is the greatest common divisor of z and j?
19
Suppose 0 = 2*l - 14, 68*l = -2*z + 73*l + 349. Calculate the greatest common factor of 672 and z.
96
Suppose 0 = -19*k - 16622 + 44001. What is the highest common divisor of k and 655?
131
Let q(m) = -3*m**3 - m**2 + 2*m - 1. Let j be q(1). Let h be (2/6)/(j/9). Let y be 2 - (-2)/h - -1. Calculate the greatest common factor of 1 and y.
1
Let j be 389*(2 - 7)/5*-1. Suppose 3*z = -2*t + 439, -2*z - 2*t = 93 - j. Calculate the highest common factor of 13 and z.
13
Suppose -21*p = -136 + 52. Suppose 9*n - 198 = p*n + c, -2*c = 3*n - 124. Calculate the greatest common divisor of n and 4.
4
Suppose 0*d - 313 = -4*d - 273. What is the greatest common factor of 430 and d?
10
Let g be (5/5)/(4 - 3) - 70. Let y = 82 + g. What is the greatest common factor of 6 and y?
1
Let d(p) = -378*p - 4737. Let m be d(-13). What is the greatest common divisor of m and 1829?
59
Suppose 0 = -5*g + 3*c + 45, 4*g - 7*g = c - 41. Suppose 0 = -3*s - g, -1000 = -4*y + s - 3*s. Calculate the greatest common factor of y and 6.
6
Let w be 1/(8/1722) - 7/28. Let o = -152 + w. What is the highest common factor of 84 and o?
21
Suppose -2*o - 9 = o. Let b(g) = -g + 3. Let y be b(o). Let d be (4/(-8))/((-18)/136 - (-322)/(-2737)). What is the highest common divisor of y and d?
2
Suppose 2*z + 262 = -4*p, 5*p + 383 = -5*z - 247. Let q = 187 + z. Calculate the highest common divisor of q and 44.
22
Let n = -7659 - -7806. Calculate the greatest common divisor of 1225 and n.
49
Suppose i - 25 + 8 = q, 3*i - 21 = q. Let r be (q/5 + 7)/((-3)/(-114)). Calculate the highest common factor of 57 and r.
19
Suppose -22630 - 7920 = -100*t - 30*t. Calculate the greatest common divisor of t and 1457.
47
Let j be -2*(-3 + (2 - 1)). Let r(z) = -33*z**2 - 1112*z - 753. Let a be r(-33). Calculate the greatest common divisor of a and j.
2
Suppose 0 = -25*t + 54 + 2321. Calculate the highest common divisor of t and 1311.
19
Suppose u = 2*l - 351, -9*u + 5*u + 20 = 0. Let a = -787 + 876. What is the greatest common divisor of a and l?
89
Let p be (-5)/(-7)*(12 + 555). What is the highest common divisor of p and 30?
15
Suppose -2912 = 229*q - 242*q. What is the highest common divisor of q and 504?
56
Suppose -5*w = -3*a + 160, a - 72 = -4*w + w. Let b(t) = t**3 - 54*t + 182. Let v be b(4). What is the greatest common factor of a and v?
30
Suppose -2*j - f = -153, 150*f = 2*j + 144*f - 174. What is the highest common factor of j and 30?
6
Let s(a) = a**2 - 33*a + 99. Let b be s(31). Suppose 40*i = b*i + 21. What is the highest common factor of 3 and i?
1
Let c be (-12)/3*3/2. Let x be 1*18 - (12 + c). Calculate the greatest common divisor of 30 and x.
6
Suppose -57 = -10*t + 143. Suppose t*q + 226 = 1746. What is the highest common divisor of 4 and q?
4
Let r(t) = -t**3 + 7*t**2 + 3*t - 9. Let j(v) = -v**3 - 10*v**2 - 7*v + 25. Let i be j(-9). Let f be r(i). What is the highest common divisor of 42 and f?
6
Let b = -762 + 702. Let s be 12*(-10)/(b/18). What is the greatest common factor of s and 243?
9
Suppose 4*m + 8*m + 84 = 0. Let v be 16/m + 2 - 16/(-7). Suppose 10*w - 7*w + 4*j = 209, 2*w + v*j = 142. Calculate the highest common divisor of 30 and w.
15
Let f(b) = 38*b**2 + 63*b + 370. Let g be f(-6). What is the highest common factor of g and 80?
80
Let z(y) = 23*y**2 + 22*y - 4. Let b be z(-21). Suppose 3539 - b = -31*x. What is the greatest common factor of 18 and x?
18
Let n(x) = -736*x - 3239. Let m be n(-5). What is the greatest common divisor of m and 378?
63
Let f = 80 - 5. Let u = -223 - -226. What is the greatest common divisor of f and u?
3
Let w be 6 - (-1 + 0)*-10. Let m be 4 + 2 - w/1. Calculate the highest common factor of m and 20.
10
Suppose 0 = 30*u - 32*u + 10. Suppose 3*q = u*l + 387, 3*l = l - 6. Let p = 8 + q. Calculate the greatest common factor of 12 and p.
12
Let y = -9635 + 15564. Calculate the greatest common factor of y and 66.
11
Let j be 34 + (-27 - -2)/5. What is the highest common divisor of j and 10237?
29
Let b be 108 - (-19 - 4) - (14/2 - -4). Let j be -9*8/10*-5. What is the highest common divisor of j and b?
12
Suppose 0 = -1422*l + 7181 - 1493. Let n = 34 - 18. What is the greatest common divisor of n and l?
4
Let y be ((-2)/3)/((-1)/(711/6)). Let a = y + -79. Suppose -2*l + 5*d + 530 = -23, a = -2*l - 3*d + 561. Calculate the greatest common factor of 31 and l.
31
Suppose w + 4*z = 47 + 126, -25 = -5*z. What is the highest common divisor of 1275 and w?
51
Let a(t) = -6 + t + 10*t + 9*t**2 + 12 + t**3. Let p be a(-7). Let w be (18/4)/(365/120 - 3). Calculate the highest common factor of w and p.
27
Let n be -1 - -2 - (3 + -2). Suppose n = -p + 4*p - 93. Let y(k) = -29*k**3 + 322*k**2 - 9*k - 16. Let c be y(11). What is the highest common factor of c and p?
31
Suppose 2*i + 178 = 7*i + a, 3*i - 3*a - 114 = 0. Let z be ((-12)/(-7))/(253/47817). What is the highest common divisor of i and z?
36
Let h(w) be the second derivative of 1/20*w**5 - 8*w - 4*w**2 + 13/6*w**3 - 1/2*w**4 + 0. Let x be h(5). Calculate the highest common divisor of 256 and x.
32
Suppose -3*x = -4 + 1, -2*r - 4*x + 60 = 0. Let c be 2 - (3/7 - 57708/(-147)). Let d = c + 433. What is the highest common factor of r and d?
14
Let m(l) = -48*l + 4. Let s be m(-2). Suppose 45 = 2*y - 3*x, 176 - 1 = 5*y + 5*x. Suppose s = 10*q - y. What is the greatest common factor of q and 39?
13
Let h(w) = 17*w - 189. Let c be 144/6 + -5*(-6)/15. Let o be h(c). Let r(l) = 3*l**2 - 4. Let v be r(-3). Calculate the highest common divisor of v and o.
23
Let l = -327 - -333. Let i be ((-22)/l)/((-9)/54). What is the highest common divisor of i and 77?
11
Let y(n) = -1027*n + 505. Let u be y(-11). Calculate the highest common factor of 84 and u.
42
Suppose -95 = -5*i - z, -2*z = -2*i + 19 + 19. Suppose 20*f = i + 41. Calculate the highest common divisor of f and 57.
3
Suppose 568 = 4*h - 2*f, -2*h = 5529*f - 5531*f - 282. What is the greatest common divisor of h and 949?
13
Let g be 2*(-1 - 2 - -4). Suppose -g = 2*x + 4*h, -3 = 4*x + h - 13. Suppose 5*o + 34 = r, o = x*r + r - 98. Calculate the highest common divisor of r and 6.
6
Suppose 540 = 4*h - 8*h. Let a be -1 + 12/(-1 + 5) + h. Let j be (a/14)/((-1)/2). What is the greatest common factor of j and 19?
19
Suppose y = 38*q - 40*q + 12081, 24153 = 4*q + 5*y. Calculate the highest common divisor of 106 and q.
106
Let y(n) = 15*n - 80. Let i be y(6). Let w(u) = 2*u + 36. Let f be w(i). Calculate the highest common factor of f and 16.
8
Let g(c) = 9*c + 53 - 2*c - 29. Let l be g(-3). Suppose -q = -l, 3*q - q + 90 = 4*n. Calculate the greatest common factor of n and 42.
6
Let b(c) = -1070*c + 1011. Let u be b(-3). What is the greatest common divisor of u and 18?
9
Let z(m) = 2*m**2 + 16*m + 7. Let v be z(-8). Let b be (3/((-9)/(-168)))/((-4)/(-10)). Calculate the greatest common factor of b and v.
7
Let k be (719 - -1)/5*-1. Let l = -136 - k. What is the greatest common divisor of 200 and l?
8
Suppose 20 = -28*u + 33*u. Let j(z) = z**3 - 3*z**2 - 13. Let k be j(u). Calculate the greatest common di